 2505513847?
173, 347, 41737
List the prime factors of 767769899.
13, 4327, 13649
List the prime factors of 5325425178.
2, 3, 5749, 154387
List the prime factors of 53525375.
5, 19, 31, 727
List the prime factors of 1614993720.
2, 3, 5, 13458281
List the prime factors of 535452079.
535452079
List the prime factors of 11427828.
2, 3, 59, 16141
List the prime factors of 605620942.
2, 4993, 60647
List the prime factors of 581232611.
581232611
List the prime factors of 461881777.
7, 3967, 16633
What are the prime factors of 3979580224?
2, 62180941
What are the prime factors of 118437147?
3, 17, 86011
What are the prime factors of 1505645078?
2, 7, 107546077
List the prime factors of 152057584.
2, 7, 193951
List the prime factors of 167194916.
2, 7, 359, 16633
What are the prime factors of 195671395?
5, 89, 167, 2633
List the prime factors of 449670468.
2, 3, 13, 17, 13043
What are the prime factors of 79008177?
3, 26336059
List the prime factors of 3495741230.
2, 5, 349574123
What are the prime factors of 11173714?
2, 127, 43991
List the prime factors of 238952100.
2, 3, 5, 41, 19427
List the prime factors of 672159646.
2, 101, 3327523
List the prime factors of 3606687908.
2, 2351, 383527
What are the prime factors of 6639494393?
7, 13009, 72911
What are the prime factors of 1474661226?
2, 3, 17, 850439
What are the prime factors of 501404602?
2, 31, 101, 80071
List the prime factors of 181972670.
2, 5, 11, 67, 24691
What are the prime factors of 570683985?
3, 5, 38045599
What are the prime factors of 62921109?
3, 47, 73, 6113
List the prime factors of 110117027.
19, 5795633
List the prime factors of 55915426.
2, 7, 3993959
What are the prime factors of 49113522?
2, 3, 787, 3467
What are the prime factors of 759132543?
3, 13, 3499, 5563
What are the prime factors of 5359320?
2, 3, 5, 14887
What are the prime factors of 20871926?
2, 10435963
List the prime factors of 935627233.
935627233
List the prime factors of 17917260.
2, 3, 5, 298621
What are the prime factors of 291132914?
2, 29, 887, 5659
What are the prime factors of 5083727673?
3, 83, 367, 55631
List the prime factors of 1243619238.
2, 3, 29, 7147237
What are the prime factors of 130753547?
29, 139, 163, 199
What are the prime factors of 112034543?
112034543
What are the prime factors of 2311690074?
2, 3, 571, 674749
List the prime factors of 754546427.
754546427
What are the prime factors of 158749728?
2, 3, 1653643
List the prime factors of 4372739212.
2, 691, 1582033
List the prime factors of 568200915.
3, 5, 29, 435403
List the prime factors of 56289689.
56289689
List the prime factors of 660719706.
2, 3, 110119951
List the prime factors of 5167985.
5, 23, 44939
What are the prime factors of 1727910584?
2, 73, 1093, 2707
List the prime factors of 197763604.
2, 49440901
List the prime factors of 2087737405.
5, 13, 29, 1107553
What are the prime factors of 1965591185?
5, 393118237
List the prime factors of 56814816.
2, 3, 17, 31, 1123
What are the prime factors of 2408618133?
3, 89208079
What are the prime factors of 80284406?
2, 83, 5827
What are the prime factors of 1954593020?
2, 5, 17, 5748803
What are the prime factors of 835128478?
2, 417564239
List the prime factors of 6082367.
6082367
List the prime factors of 330403888.
2, 1061, 19463
List the prime factors of 53346144.
2, 3, 43, 12923
What are the prime factors of 1352047490?
2, 5, 53, 2551033
What are the prime factors of 164584175?
5, 7, 19, 49499
What are the prime factors of 77201447?
179, 331, 1303
What are the prime factors of 203531204?
2, 50882801
List the prime factors of 258600169.
258600169
List the prime factors of 1417495728.
2, 3, 11, 2684651
What are the prime factors of 57892682?
2, 199, 145459
List the prime factors of 190204826.
2, 7, 67, 202777
List the prime factors of 851841982.
2, 425920991
List the prime factors of 659251042.
2, 329625521
What are the prime factors of 57066864?
2, 3, 23, 51691
What are the prime factors of 594610373?
7, 2081, 40819
What are the prime factors of 533359825?
5, 313, 68161
What are the prime factors of 4201774?
2, 19, 110573
What are the prime factors of 102089247?
3, 13, 2617673
List the prime factors of 318654893.
157, 2029649
List the prime factors of 4980313308.
2, 3, 31, 431869
List the prime factors of 707911306.
2, 37, 9566369
What are the prime factors of 29094472?
2, 11, 19, 17401
What are the prime factors of 19531900?
2, 5, 195319
List the prime factors of 1623060887.
7, 231865841
What are the prime factors of 918012694?
2, 67, 167, 41023
What are the prime factors of 1680420055?
5, 41, 199931
List the prime factors of 888882873.
3, 296294291
List the prime factors of 669312522.
2, 3, 139, 267511
What are the prime factors of 236963589?
3, 61, 83, 15601
List the prime factors of 101319126.
2, 3, 16886521
List the prime factors of 56524445.
5, 41, 275729
List the prime factors of 1087161824.
2, 7, 37, 2677
List the prime factors of 225570654.
2, 3, 17, 737159
What are the prime factors of 70537824?
2, 3, 7, 107, 109
What are the prime factors of 109677201?
3, 79, 462773
What are the prime factors of 423072836?
2, 105768209
List the prime factors of 334412846.
2, 79, 2116537
What are the prime factors of 18631245?
3, 5, 239, 5197
List the prime factors of 80937151.
283, 285997
What are the prime factors of 462796956?
2, 3, 4285157
What are the prime factors of 121141790?
2, 5, 7, 11, 157327
List the prime factors of 182960036.
2, 7, 6534287
List the prime factors of 178754041.
178754041
List the prime factors of 267774223.
97, 2760559
What are the prime factors of 335155522?
2, 13, 12890597
List the prime factors of 25193335.
5, 19, 265193
What are the prime factors of 6842689939?
6842689939
What are the prime factors of 412041017?
163, 821, 3079
What are the prime factors of 556071961?
556071961
What are the prime factors of 170969590?
2, 5, 11, 41, 167, 227
List the prime factors of 81201915.
3, 5, 19, 73, 1301
List the prime factors of 478405416.
2, 3, 263, 75793
What are the prime factors of 83186302?
2, 103, 403817
List the prime factors of 368278305.
3, 5, 4447, 5521
What are the prime factors of 28841096?
2, 283, 12739
List the prime factors of 1213410038.
2, 503, 1206173
What are the prime factors of 4611794231?
11, 197, 503, 4231
List the prime factors of 87433783.
87433783
What are the prime factors of 23118065?
5, 137, 33749
List the prime factors of 33212583.
3, 41, 90007
List the prime factors of 435969499.
7, 29, 2147633
List the prime factors of 184523279.
184523279
List the prime factors of 39715581.
3, 13238527
List the prime factors of 46686348.
2, 3, 432281
List the prime factors of 23066789.
23066789
What are the prime factors of 128066442?
2, 3, 7, 3049201
What are the prime factors of 245811498?
2, 3, 37, 163, 6793
List the prime factors of 19108326.
2, 3, 1187, 2683
What are the prime factors of 307266293?
307266293
What are the prime factors of 328453877?
89, 127, 29059
What are the prime factors of 416157260?
2, 5, 20807863
List the prime factors of 19020531.
3, 2447, 2591
List the prime factors of 494620196.
2, 7, 449, 39343
What are the prime factors of 534772072?
2, 31, 2156339
List the prime factors of 212373383.
389, 545947
What are the prime factors of 49097759?
49097759
List the prime factors of 80273809.
7, 11, 148931
List the prime factors of 2654631289.
2654631289
What are the prime factors of 94243023?
3, 7, 30529
What are the prime factors of 16120935?
3, 5, 358243
List the prime factors of 132639318.
2, 3, 7, 1052693
What are the prime factors of 70325931?
3, 13, 89, 20261
What are the prime factors of 30554350?
2, 5, 23, 163
What are the prime factors of 4421378857?
7, 631625551
What are the prime factors of 4122116548?
2, 11, 17, 41, 257, 523
What are the prime factors of 1510949806?
2, 19, 1229, 32353
What are the prime factors of 2659439?
2659439
List the prime factors of 142354264.
2, 13, 1368791
What are the prime factors of 29934596?
2, 7483649
What are the prime factors of 884877336?
2, 3, 7, 17, 139, 743
What are the prime factors of 131664651?
3, 43888217
List the prime factors of 1392957330.
2, 3, 5, 47, 987913
What are the prime factors of 43725886?
2, 47, 465169
What are the prime factors of 1305838161?
3, 271, 